010100011100?
-111001011001100
In base 10, what is 6123 - -2635?
8758
In base 15, what is e88 + -2b9a?
-1c12
In base 14, what is -d2b4b8 + -42?
-d2b51a
In base 11, what is 4 + -18179a0?
-1817997
In base 13, what is 604 + -9772?
-916b
In base 8, what is 5766 - 3346?
2420
In base 8, what is 1106045 - -7?
1106054
In base 8, what is 51 - 32217543?
-32217472
In base 16, what is 12620c4 + -3?
12620c1
In base 16, what is -30 + 13a55?
13a25
In base 3, what is -1110012102211110 + -21?
-1110012102211201
In base 9, what is 201 + -124840?
-124638
In base 13, what is -2802 + 2c1b?
419
In base 3, what is 1000 + -12112020120?
-12112012120
In base 15, what is 4 + -72d58b?
-72d587
In base 15, what is -191 - -4b4b8?
4b327
In base 12, what is 294 - 275878?
-2755a4
In base 7, what is 3304 + 46263?
52600
In base 9, what is 161506074 - -3?
161506077
In base 2, what is -1100101101001100 - 111001001010?
-1101100110010110
In base 16, what is a5ac - -1523?
bacf
In base 6, what is 20 + 135054442?
135054502
In base 14, what is -a1 + -227a6?
-22867
In base 16, what is -b002a4 + -3?
-b002a7
In base 13, what is -103 + 36723?
36620
In base 12, what is 17 + -1b5a64?
-1b5a49
In base 14, what is -101007 - -27?
-100dc0
In base 14, what is -4ad6ac - -3?
-4ad6a9
In base 2, what is -1011000011 + -1100110010010100001?
-1100110011101100100
In base 14, what is -41 - 56045?
-56086
In base 6, what is 10223150 + -40?
10223110
In base 10, what is 392972 + -603?
392369
In base 5, what is -14210420334 + -3?
-14210420342
In base 13, what is 70 - -1b1a003?
1b1a073
In base 3, what is -12020 - 110001210211?
-110002000001
In base 13, what is -4a - 8a61a?
-8a667
In base 14, what is -737d0b8 - 3?
-737d0bb
In base 2, what is -1000001001111100 + -101011010?
-1000001111010110
In base 2, what is -10100111011101111011 - -101?
-10100111011101110110
In base 5, what is 3343434 + 10?
3343444
In base 2, what is -100011100110010010 + -100110011?
-100011101011000101
In base 3, what is -12 + -1010122022021102?
-1010122022021121
In base 5, what is 344413 - 204111?
140302
In base 15, what is 17896 - -11a?
179b1
In base 7, what is 312 + 323224?
323536
In base 7, what is -10 + -124053264?
-124053304
In base 16, what is c3be4 + -1bf?
c3a25
In base 12, what is -63 + 7b2823?
7b2780
In base 3, what is 12 + 110200102101?
110200102120
In base 9, what is -4262758 + 6?
-4262752
In base 13, what is 75 + 15aa0a?
15aa82
In base 11, what is -15a34719 - -2?
-15a34717
In base 15, what is -1e2 + -5534?
-5726
In base 9, what is 2207646 - 8?
2207637
In base 11, what is a887498 - -3?
a8874a0
In base 4, what is -300033110003 - 303?
-300033110312
In base 9, what is 141354312 + 2?
141354314
In base 2, what is 11000011111111011010010 - -101?
11000011111111011010111
In base 13, what is -7 - -bb5b56?
bb5b4c
In base 15, what is -8c - d3969?
-d3a06
In base 3, what is 1122 + -1002120020202?
-1002120012010
In base 6, what is -431 + -302402?
-303233
In base 14, what is 199d + -b69?
c34
In base 2, what is 111010011 - -101010001100001100000?
101010001101000110011
In base 2, what is 10010001011101101101 + -1000110?
10010001011100100111
In base 12, what is 219b02 + 153?
21a055
In base 7, what is -255043621 + 13?
-255043605
In base 12, what is -4 - -91331999?
91331995
In base 8, what is -3024 + -12761?
-16005
In base 13, what is -33b521 + 32?
-33b4bc
In base 6, what is 104 - -332050133?
332050241
In base 11, what is -1 - -1220a12a?
1220a129
In base 14, what is 148 - -26ad28?
26b072
In base 4, what is 100103 + -2231312?
-2131203
In base 13, what is 5244 - 6c?
51a5
In base 3, what is -2 + -21001011022222110?
-21001011022222112
In base 8, what is -4 - -307742364?
307742360
In base 13, what is -204 - -1565?
1361
In base 7, what is -50223612 + 5?
-50223604
In base 8, what is 2 + 310641?
310643
In base 3, what is 12202021 + 10010001?
22212022
In base 6, what is -311023 + -44?
-311111
In base 6, what is -4 - 310313032?
-310313040
In base 15, what is -c699096 + 4?
-c699092
In base 16, what is 0 - -126c0bd1?
126c0bd1
In base 10, what is 13124052 + 1?
13124053
In base 9, what is -14102652 + 5?
-14102646
In base 5, what is -13443 - -23220024?
23201031
In base 12, what is 8153 - 1879?
6496
In base 11, what is -674221 - 60?
-674281
In base 9, what is -14164144 - 18?
-14164163
In base 3, what is -202000210 + -211102?
-202212012
In base 15, what is 3 + 2ea7a5?
2ea7a8
In base 4, what is -1203 - 111223313131?
-111223321000
In base 9, what is 762641042 + -2?
762641040
In base 14, what is 2d639 - -80?
2d6b9
In base 4, what is -13 + 200331201030?
200331201011
In base 16, what is -11d21 - 135?
-11e56
In base 8, what is 1 - -55350360?
55350361
In base 14, what is -c8937a + 9?
-c89371
In base 14, what is 304 - 15d1?
-12cb
In base 15, what is 120c8275 + 5?
120c827a
In base 14, what is 1a + 92c878?
92c894
In base 7, what is 2 - -12022116?
12022121
In base 15, what is -234 + -13b6?
-15ea
In base 3, what is -100201201210211122 + -10?
-100201201210211202
In base 14, what is -a + 27a3239?
27a322d
In base 7, what is 204000 - -4102?
211102
In base 16, what is -365ff51 - -4?
-365ff4d
In base 13, what is 4cacba1 - 3?
4cacb9b
In base 6, what is 0 + -25253452?
-25253452
In base 13, what is -174498 + 55?
-174443
In base 12, what is 5 + 319609bb?
31960a04
In base 10, what is 1372798 - -11?
1372809
In base 3, what is 110101222222 - 10021?
110101212201
In base 10, what is -5 - 160012672?
-160012677
In base 12, what is 108 + -5944?
-5838
In base 3, what is -11211100 - 1122021211?
-1211010011
In base 16, what is -2 - 43bb38?
-43bb3a
In base 9, what is 643 + 405366?
406120
In base 15, what is -aa3 - -63?
-a40
In base 2, what is 10 + 11011011000100110010001?
11011011000100110010011
In base 10, what is 59591 + -1341?
58250
In base 14, what is 413 - b3a3?
-ad90
In base 9, what is -21583103 + 63?
-21583030
In base 8, what is 1722 - 6401?
-4457
In base 5, what is 0 + -4402112210?
-4402112210
In base 16, what is -9d8a + 48b8?
-54d2
In base 5, what is -11 - -2214330203?
2214330142
In base 3, what is -11221221 - 211101020?
-1000100011
In base 4, what is 11033013 - -13121?
11112200
In base 2, what is -101 + 11111100111011010001100?
11111100111011010000111
In base 2, what is 1000000 + -110011100011101001?
-110011100010101001
In base 4, what is -10 - 132231220110?
-132231220120
In base 13, what is -2c6 - -324168?
323b72
In base 8, what is 7252112 - 103?
7252007
In base 2, what is 100111111000 - -1001010001100?
1110010000100
In base 4, what is -12 + 313211322?
313211310
In base 3, what is 112122120010 + 200?
112122120210
In base 11, what is 3 + 1856682?
1856685
In base 10, what is 74326696 + 2?
74326698
In base 9, what is -6186 - -1068?
-5117
In base 16, what is -7a8 - 1a6e?
-2216
In base 6, what is 10003 + 14311142?
14321145
In base 6, what is -1305 - 100151?
-101500
In base 13, what is 1ba23b7 + 4?
1ba23bb
In base 16, what is 0 + d74c5?
d74c5
In base 11, what is 512 - -21715?
22127
In base 14, what is 1966 - 140?
1826
In base 7, what is -332330643 - -2?
-332330641
In base 7, what is -4 - 123606404?
-123606411
In base 10, what is 15 - -189527?
189542
In base 5, what is 1100 - 13144313?
-13143213
In base 3, what is 11220022201012012 + -12?
11220022201012000
In base 9, what is -167301 - 157?
-167458
In base 8, what is 10400650 + -57?
10400571
In base 4, what is 203 - 10123130010?
-10123123201
In base 10, what is 6694 + 1656?
8350
In base 3, what is -10100 + 1022120201121?
1022120121021
In base 8, what is 4 + -1044575442?
-1044575436
In base 9, what is -44774 + -5316?
-51201
In base 8, what is 10244225 - 2?
10244223
In base 9, what is 3047218255 + 0?
3047218255
In base 2, what is -110010010001001010000110111 + -101?
-110010010001001010000111100
In base 16, what is -7630 + -1e?
-764e
In base 10, what is 41 - 10129333?
-10129292
In base 4, what is -1001232002 - 10?
-1001232012
In base 5, what is 10 - 241021031?
-241021021
In base 2, what is 1111010011010010010 + -11011001111?
1111001111111000011
In base 6, what is -421 - -204515434?
204515013
In base 11, what is -3a834939 - -4?
-3a834935
In base 16, what is 5 + 11c29f?
11c2a4
In base 16, what is -2 - -6bfad7?
6bfad5
In base 13, what is -1 + -1817271?
-1817272
In base 12, what is -17966a - -32?
-179638
In base 10, what is -728 - 198?
-926
In base 7, 